). What are the prime factors of j(17)?
179
Let b(t) = t + 2. Let p be b(4). Let q = 9 - p. Suppose q*g - 12 = 21. List the prime factors of g.
11
Suppose 5*r + 59 = 3*h, -h + 15 = -3*r - 18. Let m be -15 + (-3)/1 + 4. What are the prime factors of (m/3)/(r/75)?
5, 7
Suppose 9 = -2*b - b. List the prime factors of (1/b)/((-1)/174).
2, 29
Suppose -509 - 1117 = -6*y. What are the prime factors of y?
271
Suppose -8*w + 2417 = 249. List the prime factors of w.
271
Let k = -73 - -129. Let a = k - -68. List the prime factors of a.
2, 31
Suppose -17*s + 13*s + 2*j = -2428, -607 = -s + 5*j. What are the prime factors of s?
607
Suppose -2*q + 8017 = 5*x - 4*q, -2*x = 4*q - 3202. Suppose 8*r = x - 91. What are the prime factors of r?
3, 7
Let y = 631 + 165. List the prime factors of y.
2, 199
What are the prime factors of 28/(2982/371 + -8)?
2, 7, 53
Suppose -59*v = -50*v - 5184. List the prime factors of v.
2, 3
Suppose 5*i - 33 = -23. Suppose 540 = 3*l + i*l. List the prime factors of l.
2, 3
Suppose 97 = 3*h + 61. Suppose -7*g + h*g - 1290 = 0. List the prime factors of g.
2, 3, 43
Suppose 10*j - 4*j - 4854 = 0. What are the prime factors of j?
809
Suppose -9*j = -921 - 555. List the prime factors of j.
2, 41
Suppose 0 = 3*h - 4*m + 5*m - 395, 0 = 5*h + m - 657. List the prime factors of h.
131
Let f be 15/((-12)/(-8) - 0). Suppose -4*v - v = -f. Suppose -x = v*k - 33, k + 2*x + 2 = 26. List the prime factors of k.
2, 7
Let o be (-9 - -3)/24 - 9/(-4). Suppose -o*t = v - 62 - 19, -2*v + t = -142. What are the prime factors of v?
73
Suppose 3*n - 4*b - 2251 - 2214 = 0, -n = b - 1479. List the prime factors of n.
1483
Let h be 12/60 + (-9)/(-10)*-8. Let a(w) = w**2 + 3*w + 9. List the prime factors of a(h).
37
Suppose 5*s + 6186 = 9*s - 2*i, -5*i - 4622 = -3*s. List the prime factors of s.
1549
Let v(g) = -g**2 - 8*g + 4. Let u be v(-8). Let t be ((-10)/u)/(-5)*10. Suppose -13 + 86 = 2*r + 5*y, 5*y - 175 = -t*r. What are the prime factors of r?
2, 17
Suppose -1 = v, -33 = 2*r - 2*v - 4655. What are the prime factors of r?
2, 3, 5, 7, 11
List the prime factors of 811 - (6/(-4))/((-12)/32).
3, 269
Suppose 44 = -5*c + 14. Let t(i) be the third derivative of i**5/30 + i**4/6 - 4*i**3/3 - 24*i**2. What are the prime factors of t(c)?
2, 5
Let u = 119 - 116. List the prime factors of (-1 - (4 - 4)) + 21*u.
2, 31
Let k(l) = -3*l**3 + 5*l**2 - 5*l - 2. Let t(a) = -5*a**3 + 8*a**2 - 8*a - 3. Let n(y) = -8*k(y) + 5*t(y). What are the prime factors of n(-2)?
3
Let b = -7 - -10. Let c be (-12)/(b - (-15)/(-3)). Let a(y) = -y**3 + 7*y**2 - y + 7. What are the prime factors of a(c)?
37
Let i = -436 + 624. Suppose -688 = -3*g - k, g = 2*k + i + 46. List the prime factors of g.
2, 5, 23
Suppose -4*v + 736 = -2*w - 3*w, -20 = 5*w. Suppose -2*o = -5*g - v, 258 = 3*o + 3*g - 21. Let i = -59 + o. List the prime factors of i.
3, 11
Let s be -1 - 1262/(-3) - 2/(-6). Suppose -524 - s = -4*j. What are the prime factors of j?
2, 59
Let n be 1 + 2 + -5 - -4. Suppose 3*x = -c - n*c + 192, 128 = 2*c - x. List the prime factors of c.
2
Let n = -2819 - -3160. List the prime factors of n.
11, 31
Let a(k) = -1 + 1 + 39*k**2 - 40*k**2. Let m be a(5). Let j = -4 - m. List the prime factors of j.
3, 7
Let a = 758 - 162. What are the prime factors of a?
2, 149
Suppose -2112 = 7*s - 817. Let f = s + 479. What are the prime factors of f?
2, 3, 7
Suppose -1115 - 2636 = -11*j. List the prime factors of j.
11, 31
Let b be 2/(-4) + (-399)/(-6). Let j(x) = -2*x + 41. Let w be j(15). Suppose -n + b = w. What are the prime factors of n?
5, 11
Suppose -5*m = 5*g + 265, 2*g - 4*g + 206 = -4*m. What are the prime factors of (27/2)/((-39)/m)?
2, 3
Let r(i) = 75*i - 13. Let b be r(3). Let t = -122 + b. Suppose -4*a - a + t = 0. List the prime factors of a.
2, 3
Let h(a) = -a**3 - 8*a**2 - 2*a - 11. Let j be h(-8). Suppose -j*g + 24 = -16. What are the prime factors of g?
2
Let h(u) be the third derivative of u**6/120 + u**5/60 - u**4/8 - u**3/6 - 3*u**2. What are the prime factors of h(2)?
5
Let d(y) = -y**3 - 7*y**2 - 6*y + 3. Let n be d(-6). What are the prime factors of n*1*(-2002)/(-42)?
11, 13
Let b(x) = -9*x - 28. Suppose -3*c + 4 + 32 = -2*h, -2*h = 3*c + 12. What are the prime factors of b(h)?
2, 5
Suppose -2*b = -5*b. Suppose b = 2*t - 8 + 4. Suppose -m + 21 = l - 2*m, -4*l + t*m = -82. What are the prime factors of l?
2, 5
Let l be (20 - 20)/((-1)/(-1)). Suppose l = 9*g - 13*g + 20. Suppose g*i = -2*y - 33 + 160, -2*i - 242 = -4*y. List the prime factors of y.
61
Let p(c) = -c**2 - 7*c - 7. Let z = -10 - -5. Let g be p(z). List the prime factors of -3 + 15/g + 0.
2
Let a(o) be the third derivative of -o**7/1260 + o**6/90 - 7*o**5/60 - 4*o**2. Let g(c) be the third derivative of a(c). What are the prime factors of g(-5)?
2, 7
Let w = 2730 + -1680. List the prime factors of w.
2, 3, 5, 7
List the prime factors of (-1167)/(-4)*32*(-8)/(-48).
2, 389
Let h = 459 + -320. List the prime factors of h.
139
Let o(j) be the first derivative of -j**4/4 - 7*j**3/3 - 5*j**2 - 17*j + 7. List the prime factors of o(-9).
5, 47
Let o = 12 - 10. Suppose a - 12 = -3*q, a + o*q = 4 + 5. Suppose 2*c + 5*z = 0, 0*c - 9 = -3*c - a*z. What are the prime factors of c?
5
Let f = 4715 + -1197. What are the prime factors of f?
2, 1759
Suppose 52 = i - 148. Suppose -4*r = -2*r - i. List the prime factors of r.
2, 5
Let u = 10 + 0. Let o be (-272)/(-6) + u/15. Suppose b + 1 = o. List the prime factors of b.
3, 5
Let h(i) = -i**2 + 42*i - 94. What are the prime factors of h(30)?
2, 7, 19
Suppose -3*k - 5*x + 17 = 0, k + 4*k + 2*x - 22 = 0. Suppose -f + 5 + 19 = a, -2*a - k*f = -54. What are the prime factors of a?
3, 7
Let b = -358 + 460. List the prime factors of b.
2, 3, 17
Suppose -82*b = -90*b + 4256. What are the prime factors of b?
2, 7, 19
Let z = 1477 - 754. List the prime factors of z.
3, 241
Let c(u) = 108*u - 227. What are the prime factors of c(14)?
5, 257
Let w = -858 - -1091. What are the prime factors of w?
233
Suppose k + 6*l - 2*l = -12, 2*k + 11 = 5*l. What are the prime factors of k/(-20) + 228/5?
2, 23
Let a(n) = -n**3 + 4*n**2 + 12*n - 7. Let l be a(6). Let y(c) = 2 - c**3 - 6*c**2 + 1 - 2 + c. List the prime factors of y(l).
43
Suppose 2*b + 2*u - 974 = -b, -5*b = 4*u - 1622. Suppose -5*h + 64 = -b. What are the prime factors of h?
2, 3, 13
Let w = -25 - -45. Let t be 2345/63 + 2/(-9). Suppose -q + 22 = 4*m - t, -w = 4*q. List the prime factors of m.
2
Let c(x) be the first derivative of 14/3*x**3 - 1/4*x**4 - 3*x - 3 - 17/2*x**2. What are the prime factors of c(12)?
3
Let d(z) = -3*z**3 - 3*z**2 + 2*z + 1. Let c(i) = 4*i**3 + 4*i**2 - 2*i. Let k(r) = 4*c(r) + 5*d(r). List the prime factors of k(3).
47
Suppose -24*s + 25*s - 64 = 0. List the prime factors of s.
2
Let m be (-6)/((-3)/(-54)*-4). Let g = m - 20. List the prime factors of (-6 + g)*(44 + -1).
43
Let k(v) = -82*v**3 + 3*v**2 + v - 1. List the prime factors of k(-1).
83
Suppose 0 = 14*v - 27 - 15. Suppose v*y = -15, -2*o = -0*o - 5*y - 127. List the prime factors of o.
3, 17
Suppose 12*z + 3*b - 15 = 9*z, -b = -3. List the prime factors of 10791/66*4/z.
3, 109
Suppose -6*l + 17 + 1 = 0. List the prime factors of (6*38)/l - 0.
2, 19
Let q(m) = -35*m - 243. What are the prime factors of q(-37)?
2, 263
Let s be (0 - -1)/((-11)/(-66)). What are the prime factors of 426/27 + s/27?
2
Let j(r) = -r**3 - 2*r**2 + 700. What are the prime factors of j(0)?
2, 5, 7
List the prime factors of (-1)/(-3 + 4375/1460)*6.
2, 3, 73
Let g = 18 - 0. Suppose -2*n + 4*y = -g, -45 = -2*n - 0*y - 5*y. Suppose 0 = 2*w - n + 1. What are the prime factors of w?
7
What are the prime factors of (6/45 - 5568/(-90)) + 1?
3, 7
List the prime factors of 2/5 + 83657/95.
881
Suppose 5*b - 185 = 5*r, 63 + 149 = -5*r - 4*b. List the prime factors of 0/(1 + -2) - r.
2, 5
Let x be (2*5/(-30))/((-2)/24). Suppose -3*l - 7*g = -2*g - 31, 2*l = -x*g + 20. List the prime factors of l.
2, 3
Suppose 0 = -15*y + 16*y - 178. List the prime factors of y.
2, 89
Let i(u) = -25*u**2 + 2*u + 1. Let b be i(2). Let k = 263 + b. List the prime factors of k.
2, 3, 7
Let g(c) = -c**2 + 19*c + 9. Let s = 5 + -3. Suppose -2*z + 44 = 3*v, s*v - 3*z - 70 = -2*v. What are the prime factors of g(v)?
3, 